{"id":1867,"date":"2024-07-09T23:29:43","date_gmt":"2024-07-09T23:29:43","guid":{"rendered":"https:\/\/lovystore.com\/index.php\/product\/rufi-nude\/"},"modified":"2026-04-20T03:08:57","modified_gmt":"2026-04-20T03:08:57","slug":"rufi-nude","status":"publish","type":"product","link":"https:\/\/www.lovystore.com\/index.php\/product\/rufi-nude\/","title":{"rendered":"Rufi | Canoas en poliuretano, sandalias resistentes al agua, c\u00f3modas, empeine ajustable."},"content":{"rendered":"<p>Hermosas Sandalias de 2 cms de altura en Material cuero sint\u00e9tico. c\u00f3modas y livianas.<\/p>\n","protected":false},"excerpt":{"rendered":"<p>Hermosas Sandalias de 2 cms de altura en Material cuero sint\u00e9tico. c\u00f3modas y livianas.<\/p>\n","protected":false},"featured_media":2030,"comment_status":"closed","ping_status":"closed","template":"","meta":{"om_disable_all_campaigns":false,"_monsterinsights_skip_tracking":false,"_monsterinsights_sitenote_active":false,"_monsterinsights_sitenote_note":"","_monsterinsights_sitenote_category":0},"product_brand":[],"product_cat":[16,141],"product_tag":[],"class_list":{"0":"post-1867","1":"product","2":"type-product","3":"status-publish","4":"has-post-thumbnail","6":"product_cat-canoas","7":"product_cat-new-arrivals","9":"first","10":"instock","11":"taxable","12":"shipping-taxable","13":"purchasable","14":"product-type-variable"},"jetpack_sharing_enabled":true,"_links":{"self":[{"href":"https:\/\/www.lovystore.com\/index.php\/wp-json\/wp\/v2\/product\/1867","targetHints":{"allow":["GET"]}}],"collection":[{"href":"https:\/\/www.lovystore.com\/index.php\/wp-json\/wp\/v2\/product"}],"about":[{"href":"https:\/\/www.lovystore.com\/index.php\/wp-json\/wp\/v2\/types\/product"}],"replies":[{"embeddable":true,"href":"https:\/\/www.lovystore.com\/index.php\/wp-json\/wp\/v2\/comments?post=1867"}],"version-history":[{"count":4,"href":"https:\/\/www.lovystore.com\/index.php\/wp-json\/wp\/v2\/product\/1867\/revisions"}],"predecessor-version":[{"id":2650,"href":"https:\/\/www.lovystore.com\/index.php\/wp-json\/wp\/v2\/product\/1867\/revisions\/2650"}],"wp:featuredmedia":[{"embeddable":true,"href":"https:\/\/www.lovystore.com\/index.php\/wp-json\/wp\/v2\/media\/2030"}],"wp:attachment":[{"href":"https:\/\/www.lovystore.com\/index.php\/wp-json\/wp\/v2\/media?parent=1867"}],"wp:term":[{"taxonomy":"product_brand","embeddable":true,"href":"https:\/\/www.lovystore.com\/index.php\/wp-json\/wp\/v2\/product_brand?post=1867"},{"taxonomy":"product_cat","embeddable":true,"href":"https:\/\/www.lovystore.com\/index.php\/wp-json\/wp\/v2\/product_cat?post=1867"},{"taxonomy":"product_tag","embeddable":true,"href":"https:\/\/www.lovystore.com\/index.php\/wp-json\/wp\/v2\/product_tag?post=1867"}],"curies":[{"name":"wp","href":"https:\/\/api.w.org\/{rel}","templated":true}]}}